{"id":49,"date":"2025-04-09T10:14:21","date_gmt":"2025-04-09T10:14:21","guid":{"rendered":"http:\/\/www.pontefix.com\/?page_id=49"},"modified":"2025-04-10T11:56:28","modified_gmt":"2025-04-10T11:56:28","slug":"mita","status":"publish","type":"page","link":"https:\/\/www.pontefix.com\/?page_id=49","title":{"rendered":"MIT\u00c4 PONTEFIX TARJOAA?"},"content":{"rendered":"\n<p>Pontefix tarjoaa Tuomas Kairan asiantuntemuksen k\u00e4ytt\u00f6\u00f6si. Erikoisosaamisaloina sillat ja muut taitorakenteet erityisesti rautatieymp\u00e4rist\u00f6ss\u00e4, rautatiej\u00e4rjestelm\u00e4 ja siihen liittyv\u00e4 kansainv\u00e4linen ohjeistus ja yhteisty\u00f6.<\/p>\n\n\n\n<h3 class=\"wp-block-heading\">Siltojen suunnittelun ohjaus<\/h3>\n\n\n\n<p>Tarjoan siltojen suunnittelun ohjausta ja tilaajan taitorakenneasiantuntijan palveluita sek\u00e4 suunnitelmien tarkastusta.<\/p>\n\n\n\n<figure class=\"wp-block-image size-large\"><img loading=\"lazy\" decoding=\"async\" width=\"1024\" height=\"307\" src=\"https:\/\/www.pontefix.com\/wp-content\/uploads\/2025\/04\/DSC08438_l-1024x307.jpg\" alt=\"\" class=\"wp-image-80\" srcset=\"https:\/\/www.pontefix.com\/wp-content\/uploads\/2025\/04\/DSC08438_l-1024x307.jpg 1024w, https:\/\/www.pontefix.com\/wp-content\/uploads\/2025\/04\/DSC08438_l-300x90.jpg 300w, https:\/\/www.pontefix.com\/wp-content\/uploads\/2025\/04\/DSC08438_l-768x230.jpg 768w, https:\/\/www.pontefix.com\/wp-content\/uploads\/2025\/04\/DSC08438_l-1536x461.jpg 1536w, https:\/\/www.pontefix.com\/wp-content\/uploads\/2025\/04\/DSC08438_l-2048x614.jpg 2048w\" sizes=\"auto, (max-width: 1024px) 100vw, 1024px\" \/><\/figure>\n\n\n\n<h3 class=\"wp-block-heading\">Sillat ja muut taitorakenteet rautatieymp\u00e4rist\u00f6ss\u00e4<\/h3>\n\n\n\n<p>Tarjoan siltojen suunnittelua ja muita taitorakenteiden asiantuntijat\u00f6it\u00e4. <\/p>\n\n\n\n<figure class=\"wp-block-image size-large\"><img loading=\"lazy\" decoding=\"async\" width=\"1024\" height=\"307\" src=\"https:\/\/www.pontefix.com\/wp-content\/uploads\/2025\/04\/DSC3877-1024x307.jpg\" alt=\"\" class=\"wp-image-77\" srcset=\"https:\/\/www.pontefix.com\/wp-content\/uploads\/2025\/04\/DSC3877-1024x307.jpg 1024w, https:\/\/www.pontefix.com\/wp-content\/uploads\/2025\/04\/DSC3877-300x90.jpg 300w, https:\/\/www.pontefix.com\/wp-content\/uploads\/2025\/04\/DSC3877-768x230.jpg 768w, https:\/\/www.pontefix.com\/wp-content\/uploads\/2025\/04\/DSC3877-1536x461.jpg 1536w, https:\/\/www.pontefix.com\/wp-content\/uploads\/2025\/04\/DSC3877.jpg 2000w\" sizes=\"auto, (max-width: 1024px) 100vw, 1024px\" \/><\/figure>\n\n\n\n<h3 class=\"wp-block-heading\">Kansainv\u00e4linen yhteisty\u00f6<\/h3>\n\n\n\n<p><\/p>\n\n\n\n<figure class=\"wp-block-image size-large\"><img loading=\"lazy\" decoding=\"async\" width=\"1024\" height=\"307\" src=\"https:\/\/www.pontefix.com\/wp-content\/uploads\/2025\/04\/DSC02503-1-1024x307.jpg\" alt=\"\" class=\"wp-image-120\" srcset=\"https:\/\/www.pontefix.com\/wp-content\/uploads\/2025\/04\/DSC02503-1-1024x307.jpg 1024w, https:\/\/www.pontefix.com\/wp-content\/uploads\/2025\/04\/DSC02503-1-300x90.jpg 300w, https:\/\/www.pontefix.com\/wp-content\/uploads\/2025\/04\/DSC02503-1-768x230.jpg 768w, https:\/\/www.pontefix.com\/wp-content\/uploads\/2025\/04\/DSC02503-1-1536x461.jpg 1536w, https:\/\/www.pontefix.com\/wp-content\/uploads\/2025\/04\/DSC02503-1-2048x614.jpg 2048w\" sizes=\"auto, (max-width: 1024px) 100vw, 1024px\" \/><\/figure>\n\n\n\n<h3 class=\"wp-block-heading\">Siltojen kantavuus<\/h3>\n\n\n\n<p>Pontefix tarjoaa siltojen kantavuuslaskentaa ja kantavuusasiantuntijapalveluita.<\/p>\n\n\n\n<figure class=\"wp-block-image size-large\"><img loading=\"lazy\" decoding=\"async\" width=\"1024\" height=\"307\" src=\"https:\/\/www.pontefix.com\/wp-content\/uploads\/2025\/04\/DSC0481_l-1024x307.jpg\" alt=\"\" class=\"wp-image-78\" srcset=\"https:\/\/www.pontefix.com\/wp-content\/uploads\/2025\/04\/DSC0481_l-1024x307.jpg 1024w, https:\/\/www.pontefix.com\/wp-content\/uploads\/2025\/04\/DSC0481_l-300x90.jpg 300w, https:\/\/www.pontefix.com\/wp-content\/uploads\/2025\/04\/DSC0481_l-768x230.jpg 768w, https:\/\/www.pontefix.com\/wp-content\/uploads\/2025\/04\/DSC0481_l-1536x461.jpg 1536w, https:\/\/www.pontefix.com\/wp-content\/uploads\/2025\/04\/DSC0481_l.jpg 2000w\" sizes=\"auto, (max-width: 1024px) 100vw, 1024px\" \/><\/figure>\n\n\n\n<h3 class=\"wp-block-heading\">Taitorakenteiden asiantuntijapalvelut<\/h3>\n\n\n\n<p>Muut asiantuntijapalvelut.<\/p>\n\n\n\n<figure class=\"wp-block-image size-full\"><img loading=\"lazy\" decoding=\"async\" width=\"2560\" height=\"1709\" src=\"https:\/\/www.pontefix.com\/wp-content\/uploads\/2025\/04\/DSC8798-1-scaled.jpg\" alt=\"\" class=\"wp-image-14\" srcset=\"https:\/\/www.pontefix.com\/wp-content\/uploads\/2025\/04\/DSC8798-1-scaled.jpg 2560w, https:\/\/www.pontefix.com\/wp-content\/uploads\/2025\/04\/DSC8798-1-300x200.jpg 300w\" sizes=\"auto, (max-width: 2560px) 100vw, 2560px\" \/><\/figure>\n","protected":false},"excerpt":{"rendered":"<p>Pontefix tarjoaa Tuomas Kairan asiantuntemuksen k\u00e4ytt\u00f6\u00f6si. Erikoisosaamisaloina sillat ja muut taitorakenteet erityisesti rautatieymp\u00e4rist\u00f6ss\u00e4, rautatiej\u00e4rjestelm\u00e4 ja siihen liittyv\u00e4 kansainv\u00e4linen ohjeistus ja yhteisty\u00f6. Siltojen suunnittelun ohjaus Tarjoan siltojen suunnittelun ohjausta ja tilaajan taitorakenneasiantuntijan palveluita sek\u00e4 suunnitelmien tarkastusta. Sillat ja muut taitorakenteet rautatieymp\u00e4rist\u00f6ss\u00e4 Tarjoan siltojen suunnittelua ja muita taitorakenteiden asiantuntijat\u00f6it\u00e4. Kansainv\u00e4linen yhteisty\u00f6 Siltojen kantavuus Pontefix tarjoaa siltojen kantavuuslaskentaa [&hellip;]<\/p>\n","protected":false},"author":1,"featured_media":0,"parent":0,"menu_order":0,"comment_status":"closed","ping_status":"closed","template":"","meta":{"footnotes":""},"class_list":["post-49","page","type-page","status-publish","hentry"],"_links":{"self":[{"href":"https:\/\/www.pontefix.com\/index.php?rest_route=\/wp\/v2\/pages\/49","targetHints":{"allow":["GET"]}}],"collection":[{"href":"https:\/\/www.pontefix.com\/index.php?rest_route=\/wp\/v2\/pages"}],"about":[{"href":"https:\/\/www.pontefix.com\/index.php?rest_route=\/wp\/v2\/types\/page"}],"author":[{"embeddable":true,"href":"https:\/\/www.pontefix.com\/index.php?rest_route=\/wp\/v2\/users\/1"}],"replies":[{"embeddable":true,"href":"https:\/\/www.pontefix.com\/index.php?rest_route=%2Fwp%2Fv2%2Fcomments&post=49"}],"version-history":[{"count":8,"href":"https:\/\/www.pontefix.com\/index.php?rest_route=\/wp\/v2\/pages\/49\/revisions"}],"predecessor-version":[{"id":158,"href":"https:\/\/www.pontefix.com\/index.php?rest_route=\/wp\/v2\/pages\/49\/revisions\/158"}],"wp:attachment":[{"href":"https:\/\/www.pontefix.com\/index.php?rest_route=%2Fwp%2Fv2%2Fmedia&parent=49"}],"curies":[{"name":"wp","href":"https:\/\/api.w.org\/{rel}","templated":true}]}}