{"id":48,"date":"2025-04-09T10:02:49","date_gmt":"2025-04-09T10:02:49","guid":{"rendered":"http:\/\/www.pontefix.com\/?page_id=48"},"modified":"2025-04-10T10:09:44","modified_gmt":"2025-04-10T10:09:44","slug":"tuomas","status":"publish","type":"page","link":"https:\/\/www.pontefix.com\/?page_id=48","title":{"rendered":"KUKA ON TUOMAS?"},"content":{"rendered":"\n<p>Tuomas Kaira on kokenut rakenneasiantuntija erikoisomaamisalueinaan sillat ja muut taitorakenteet erityisesti rautatieymp\u00e4rist\u00f6ss\u00e4. Diplomi-insin\u00f6\u00f6riksi h\u00e4n valmistui Aalto-yliopistosta 2010.<\/p>\n\n\n\n<p>Aiempaa ty\u00f6kokemusta Tuomaksella on sillan suunnittelijana Insin\u00f6\u00f6ritoimisto Pontek Oy:st\u00e4 vuosina 2005-2017, silta-asiantuntijana V\u00e4yl\u00e4virastosta vuosina 2017-2023 ja Infrarakenteiden vanhempana asiantuntijana UIC:sta vuosina 2023-2024  (UIC, International Union of Railways).<\/p>\n\n\n\n<figure class=\"wp-block-image size-large\"><img loading=\"lazy\" decoding=\"async\" width=\"1021\" height=\"1024\" src=\"https:\/\/www.pontefix.com\/wp-content\/uploads\/2025\/04\/Mainos_v1_nopic-1021x1024.jpg\" alt=\"\" class=\"wp-image-132\" srcset=\"https:\/\/www.pontefix.com\/wp-content\/uploads\/2025\/04\/Mainos_v1_nopic-1021x1024.jpg 1021w, https:\/\/www.pontefix.com\/wp-content\/uploads\/2025\/04\/Mainos_v1_nopic-300x300.jpg 300w, https:\/\/www.pontefix.com\/wp-content\/uploads\/2025\/04\/Mainos_v1_nopic-150x150.jpg 150w, https:\/\/www.pontefix.com\/wp-content\/uploads\/2025\/04\/Mainos_v1_nopic-768x770.jpg 768w, https:\/\/www.pontefix.com\/wp-content\/uploads\/2025\/04\/Mainos_v1_nopic-1531x1536.jpg 1531w, https:\/\/www.pontefix.com\/wp-content\/uploads\/2025\/04\/Mainos_v1_nopic-2041x2048.jpg 2041w\" sizes=\"auto, (max-width: 1021px) 100vw, 1021px\" \/><\/figure>\n\n\n\n<h6 class=\"wp-block-heading\">DI, Tuomas Kaira<\/h6>\n\n\n\n<p>FISE &#8211; Betonirakenteiden suunnittelija, poikkeuksellisen vaativa<\/p>\n\n\n\n<p>V\u00e4yl\u00e4virasto &#8211; Taitorakennerekisterin muokkaajaoikeudet<\/p>\n\n\n\n<p>PRINCE2 Foundation &#8211; Certification in Project Management<\/p>\n","protected":false},"excerpt":{"rendered":"<p>Tuomas Kaira on kokenut rakenneasiantuntija erikoisomaamisalueinaan sillat ja muut taitorakenteet erityisesti rautatieymp\u00e4rist\u00f6ss\u00e4. Diplomi-insin\u00f6\u00f6riksi h\u00e4n valmistui Aalto-yliopistosta 2010. Aiempaa ty\u00f6kokemusta Tuomaksella on sillan suunnittelijana Insin\u00f6\u00f6ritoimisto Pontek Oy:st\u00e4 vuosina 2005-2017, silta-asiantuntijana V\u00e4yl\u00e4virastosta vuosina 2017-2023 ja Infrarakenteiden vanhempana asiantuntijana UIC:sta vuosina 2023-2024 (UIC, International Union of Railways). DI, Tuomas Kaira FISE &#8211; Betonirakenteiden suunnittelija, poikkeuksellisen vaativa V\u00e4yl\u00e4virasto &#8211; [&hellip;]<\/p>\n","protected":false},"author":1,"featured_media":72,"parent":0,"menu_order":0,"comment_status":"closed","ping_status":"closed","template":"","meta":{"footnotes":""},"class_list":["post-48","page","type-page","status-publish","has-post-thumbnail","hentry"],"_links":{"self":[{"href":"https:\/\/www.pontefix.com\/index.php?rest_route=\/wp\/v2\/pages\/48","targetHints":{"allow":["GET"]}}],"collection":[{"href":"https:\/\/www.pontefix.com\/index.php?rest_route=\/wp\/v2\/pages"}],"about":[{"href":"https:\/\/www.pontefix.com\/index.php?rest_route=\/wp\/v2\/types\/page"}],"author":[{"embeddable":true,"href":"https:\/\/www.pontefix.com\/index.php?rest_route=\/wp\/v2\/users\/1"}],"replies":[{"embeddable":true,"href":"https:\/\/www.pontefix.com\/index.php?rest_route=%2Fwp%2Fv2%2Fcomments&post=48"}],"version-history":[{"count":9,"href":"https:\/\/www.pontefix.com\/index.php?rest_route=\/wp\/v2\/pages\/48\/revisions"}],"predecessor-version":[{"id":135,"href":"https:\/\/www.pontefix.com\/index.php?rest_route=\/wp\/v2\/pages\/48\/revisions\/135"}],"wp:featuredmedia":[{"embeddable":true,"href":"https:\/\/www.pontefix.com\/index.php?rest_route=\/wp\/v2\/media\/72"}],"wp:attachment":[{"href":"https:\/\/www.pontefix.com\/index.php?rest_route=%2Fwp%2Fv2%2Fmedia&parent=48"}],"curies":[{"name":"wp","href":"https:\/\/api.w.org\/{rel}","templated":true}]}}